{"id":12481,"date":"2019-12-14T14:33:02","date_gmt":"2019-12-14T13:33:02","guid":{"rendered":"https:\/\/rechtsanwaltkaufmann.de\/pie-de-imprenta"},"modified":"2024-03-21T08:57:10","modified_gmt":"2024-03-21T07:57:10","slug":"pie-de-imprenta","status":"publish","type":"page","link":"https:\/\/rechtsanwaltkaufmann.de\/es\/pie-de-imprenta","title":{"rendered":"Pie de imprenta"},"content":{"rendered":"\n<p>seg\u00fan \u00a7 5 TMG<\/p>\n\n<p>Persona responsable y de contacto<\/p>\n\n<h3 class=\"wp-block-heading\">Abogado Hermann Kaufmann<\/h3>\n\n<p>Heilbronnstrasse 2<br\/>28832 Achim<\/p>\n\n<p>Tel: 04202 \/ 6 38 37-0<br\/>FAX: 04202 \/ 6 38 37-18<\/p>\n\n<p>Correo electr\u00f3nico: <a>info@rechtsanwaltkaufmann.de<\/a><br\/>Web: <a href=\"https:\/\/rechtsanwaltkaufmann.de\/\">www.rechtsanwaltkaufmann.de<\/a><\/p>\n\n<p>CIF: DE254081578<\/p>\n\n<p>El Sr. Kaufmann es miembro del Colegio de Abogados de Celle<a href=\"http:\/\/www.rakcelle.de\/\" target=\"_blank\" rel=\"noreferrer noopener\">(www.rakcelle.de)<\/a>. Tambi\u00e9n es la autoridad de control competente.<\/p>\n\n<p>Su t\u00edtulo profesional le fue concedido en la Rep\u00fablica Federal de Alemania.<br\/>Puede consultar la normativa profesional que se le aplica en <a href=\"http:\/\/www.brak.de\/\" target=\"_blank\" rel=\"noreferrer noopener\">www.brak.de.<\/a> <\/p>\n\n<p>Los costes de sus servicios se basan generalmente en la Ley alemana de honorarios de abogados<a href=\"http:\/\/www.gesetze-im-internet.de\/rvg\/index.html\" target=\"_blank\" rel=\"noreferrer noopener\">(RVG<\/a>).<\/p>\n\n<p>Se ha suscrito un seguro de responsabilidad civil profesional con Allianz Versicherungs AG &#8211; Grosser Burstah 3 &#8211; 20457 Hamburgo.<br\/>Este seguro cubre el territorio de la Rep\u00fablica Federal de Alemania.<\/p>\n\n<hr class=\"wp-block-separator\"\/>\n\n<p>\n          <strong>Software \/ Licencia<\/strong>\n        <\/p>\n\n<p>Este sitio web se basa en el sistema de gesti\u00f3n de contenidos (CMS) WordPress. M\u00e1s informaci\u00f3n en <a href=\"http:\/\/www.wordpress.com\/\" target=\"_blank\" rel=\"noreferrer noopener\">www.wordpress.com<\/a><\/p>\n\n<p>\n          <strong>Copyright<\/strong>\n        <\/p>\n\n<p>El contenido y las obras creadas por los operadores del sitio en estas p\u00e1ginas est\u00e1n sujetos a la legislaci\u00f3n alemana sobre derechos de autor. La reproducci\u00f3n, edici\u00f3n, distribuci\u00f3n y cualquier tipo de utilizaci\u00f3n fuera de los l\u00edmites de la ley de propiedad intelectual requieren el consentimiento por escrito del autor o creador correspondiente. Las descargas y copias de este sitio s\u00f3lo est\u00e1n permitidas para uso privado y no comercial. En la medida en que el contenido de este sitio no haya sido creado por el operador, se respetan los derechos de autor de terceros. En particular, los contenidos de terceros se etiquetan como tales. No obstante, si tiene conocimiento de una infracci\u00f3n de los derechos de autor, le rogamos que nos lo comunique. Si tenemos conocimiento de alguna infracci\u00f3n legal, eliminaremos dicho contenido inmediatamente.<\/p>\n\n<p>\n          <strong>Otros derechos de imagen<\/strong>\n        <\/p>\n\n<p>Foto de <strong>\n  <a href=\"https:\/\/www.pexels.com\/de-de\/@life-of-pix?utm_content=attributionCopyText&amp;utm_medium=referral&amp;utm_source=pexels\" target=\"_blank\" rel=\"noopener\">Vida de Pix<\/a>\n<\/strong> de <strong>\n  <a href=\"https:\/\/www.pexels.com\/de-de\/foto\/bau-werkzeuge-hammer-handwerker-8092\/?utm_content=attributionCopyText&amp;utm_medium=referral&amp;utm_source=pexels\" target=\"_blank\" rel=\"noopener\">Pexels<\/a>\n<\/strong> en el art\u00edculo <a href=\"https:\/\/rechtsanwaltkaufmann.de\/baurecht-immobilienrecht-mietrecht\/von-wesentlichen-und-unwesentlichen-maengeln-bei-bauvertraegen\">Sobre los defectos materiales e inmateriales en los contratos de construcci\u00f3n<\/a><\/p>\n\n<p><em>Todas las im\u00e1genes utilizadas proceden del portal <\/em><a href=\"https:\/\/stock.adobe.com\/\" target=\"_blank\" rel=\"noopener\">stock.adobe.com<\/a><em>:<\/em><\/p>\n\n<figure class=\"wp-block-table\"><table><tbody><tr><td>\n          <strong>\u00c1rea tem\u00e1tica<\/strong>\n        <\/td><td>\n          <strong>Autor<\/strong>\n        <\/td><\/tr><tr><td>Derecho laboral<\/td><td>nevando12<\/td><\/tr><tr><td>Derecho bancario y del mercado de capitales<\/td><td>Alexander Limbach<\/td><\/tr><tr><td>Derecho de la construcci\u00f3n<\/td><td>Sergey Yarochkin<\/td><\/tr><tr><td>Derecho concursal<\/td><td>pure-life-pictures<\/td><\/tr><tr><td>Derecho fiscal<\/td><td>lettas<\/td><\/tr><tr><td>Derecho penal mercantil<\/td><td>Andreas Gruhl<\/td><\/tr><tr><td>Otros &#8211; Justicia<\/td><td>Estudio_Este<\/td><\/tr><tr><td>Esc\u00e1ndalo Diesel<\/td><td>Dise\u00f1os Wellnhofer<\/td><\/tr><tr><td>Derecho de anulaci\u00f3n<\/td><td>pixelfriend<\/td><\/tr><tr><td>Otras im\u00e1genes tem\u00e1ticas<\/td><td>\u00abTema WordPress \u00abATTORNA<\/td><\/tr><\/tbody><\/table><\/figure>\n\n<p>\n          <strong>Referencia a la resoluci\u00f3n de litigios de la UE<\/strong>\n          <br\/>\n        <\/p>\n\n<p>La Comisi\u00f3n Europea ha creado una plataforma de Internet para la resoluci\u00f3n en l\u00ednea de litigios (plataforma ODR) entre comerciantes y consumidores. La plataforma ODR est\u00e1 disponible en <a href=\"https:\/\/ec.europa.eu\/consumers\/odr\/\" target=\"_blank\" rel=\"noopener\">https:\/\/ec.europa.eu\/consumers\/odr\/<\/a><\/p>\n\n<p>No estamos dispuestos ni obligados a participar en un procedimiento de resoluci\u00f3n de litigios ante una junta arbitral de consumo.<\/p>\n\n<p>Encontrar\u00e1 nuestra direcci\u00f3n de correo electr\u00f3nico en el pie de imprenta.<\/p>\n","protected":false},"excerpt":{"rendered":"<p>seg\u00fan \u00a7 5 TMG Persona responsable y de contacto Abogado Hermann Kaufmann Heilbronnstrasse 228832 Achim Tel: 04202 \/ 6 38 37-0FAX: 04202 \/ 6 38 37-18 Correo electr\u00f3nico: info@rechtsanwaltkaufmann.deWeb: www.rechtsanwaltkaufmann.de CIF: DE254081578 El Sr. Kaufmann es miembro del Colegio de Abogados de Celle(www.rakcelle.de). Tambi\u00e9n es la autoridad de control competente. Su t\u00edtulo profesional le fue [&hellip;]<\/p>\n","protected":false},"author":1,"featured_media":0,"parent":0,"menu_order":0,"comment_status":"closed","ping_status":"closed","template":"","meta":{"googlesitekit_rrm_CAow7fbBCw:productID":"","content-type":"","footnotes":""},"class_list":["post-12481","page","type-page","status-publish","hentry"],"_links":{"self":[{"href":"https:\/\/rechtsanwaltkaufmann.de\/es\/wp-json\/wp\/v2\/pages\/12481","targetHints":{"allow":["GET"]}}],"collection":[{"href":"https:\/\/rechtsanwaltkaufmann.de\/es\/wp-json\/wp\/v2\/pages"}],"about":[{"href":"https:\/\/rechtsanwaltkaufmann.de\/es\/wp-json\/wp\/v2\/types\/page"}],"author":[{"embeddable":true,"href":"https:\/\/rechtsanwaltkaufmann.de\/es\/wp-json\/wp\/v2\/users\/1"}],"replies":[{"embeddable":true,"href":"https:\/\/rechtsanwaltkaufmann.de\/es\/wp-json\/wp\/v2\/comments?post=12481"}],"version-history":[{"count":0,"href":"https:\/\/rechtsanwaltkaufmann.de\/es\/wp-json\/wp\/v2\/pages\/12481\/revisions"}],"wp:attachment":[{"href":"https:\/\/rechtsanwaltkaufmann.de\/es\/wp-json\/wp\/v2\/media?parent=12481"}],"curies":[{"name":"wp","href":"https:\/\/api.w.org\/{rel}","templated":true}]}}

<p>según § 5 TMG</p>

<p>Persona responsable y de contacto</p>

<h3 class="wp-block-heading">Abogado Hermann Kaufmann</h3>

<p>Heilbronnstrasse 2<br/>28832 Achim</p>

<p>Tel: 04202 / 6 38 37-0<br/>FAX: 04202 / 6 38 37-18</p>

<p>Correo electrónico: <a>info@rechtsanwaltkaufmann.de</a><br/>Web: <a href="https://rechtsanwaltkaufmann.de/">www.rechtsanwaltkaufmann.de</a></p>

<p>CIF: DE254081578</p>

<p>El Sr. Kaufmann es miembro del Colegio de Abogados de Celle<a href="http://www.rakcelle.de/" target="_blank" rel="noreferrer noopener">(www.rakcelle.de)</a>. También es la autoridad de control competente.</p>

<p>Su título profesional le fue concedido en la República Federal de Alemania.<br/>Puede consultar la normativa profesional que se le aplica en <a href="http://www.brak.de/" target="_blank" rel="noreferrer noopener">www.brak.de.</a> </p>

<p>Los costes de sus servicios se basan generalmente en la Ley alemana de honorarios de abogados<a href="http://www.gesetze-im-internet.de/rvg/index.html" target="_blank" rel="noreferrer noopener">(RVG</a>).</p>

<p>Se ha suscrito un seguro de responsabilidad civil profesional con Allianz Versicherungs AG &#8211; Grosser Burstah 3 &#8211; 20457 Hamburgo.<br/>Este seguro cubre el territorio de la República Federal de Alemania.</p>

<hr class="wp-block-separator"/>

<p>
          <strong>Software / Licencia</strong>
        </p>

<p>Este sitio web se basa en el sistema de gestión de contenidos (CMS) WordPress. Más información en <a href="http://www.wordpress.com/" target="_blank" rel="noreferrer noopener">www.wordpress.com</a></p>

<p>
          <strong>Copyright</strong>
        </p>

<p>El contenido y las obras creadas por los operadores del sitio en estas páginas están sujetos a la legislación alemana sobre derechos de autor. La reproducción, edición, distribución y cualquier tipo de utilización fuera de los límites de la ley de propiedad intelectual requieren el consentimiento por escrito del autor o creador correspondiente. Las descargas y copias de este sitio sólo están permitidas para uso privado y no comercial. En la medida en que el contenido de este sitio no haya sido creado por el operador, se respetan los derechos de autor de terceros. En particular, los contenidos de terceros se etiquetan como tales. No obstante, si tiene conocimiento de una infracción de los derechos de autor, le rogamos que nos lo comunique. Si tenemos conocimiento de alguna infracción legal, eliminaremos dicho contenido inmediatamente.</p>

<p>
          <strong>Otros derechos de imagen</strong>
        </p>

<p>Foto de <strong>
  <a href="https://www.pexels.com/de-de/@life-of-pix?utm_content=attributionCopyText&amp;utm_medium=referral&amp;utm_source=pexels" target="_blank" rel="noopener">Vida de Pix</a>
</strong> de <strong>
  <a href="https://www.pexels.com/de-de/foto/bau-werkzeuge-hammer-handwerker-8092/?utm_content=attributionCopyText&amp;utm_medium=referral&amp;utm_source=pexels" target="_blank" rel="noopener">Pexels</a>
</strong> en el artículo <a href="https://rechtsanwaltkaufmann.de/baurecht-immobilienrecht-mietrecht/von-wesentlichen-und-unwesentlichen-maengeln-bei-bauvertraegen">Sobre los defectos materiales e inmateriales en los contratos de construcción</a></p>

<p><em>Todas las imágenes utilizadas proceden del portal </em><a href="https://stock.adobe.com/" target="_blank" rel="noopener">stock.adobe.com</a><em>:</em></p>

<figure class="wp-block-table"><table><tbody><tr><td>
          <strong>Área temática</strong>
        </td><td>
          <strong>Autor</strong>
        </td></tr><tr><td>Derecho laboral</td><td>nevando12</td></tr><tr><td>Derecho bancario y del mercado de capitales</td><td>Alexander Limbach</td></tr><tr><td>Derecho de la construcción</td><td>Sergey Yarochkin</td></tr><tr><td>Derecho concursal</td><td>pure-life-pictures</td></tr><tr><td>Derecho fiscal</td><td>lettas</td></tr><tr><td>Derecho penal mercantil</td><td>Andreas Gruhl</td></tr><tr><td>Otros &#8211; Justicia</td><td>Estudio_Este</td></tr><tr><td>Escándalo Diesel</td><td>Diseños Wellnhofer</td></tr><tr><td>Derecho de anulación</td><td>pixelfriend</td></tr><tr><td>Otras imágenes temáticas</td><td>«Tema WordPress «ATTORNA</td></tr></tbody></table></figure>

<p>
          <strong>Referencia a la resolución de litigios de la UE</strong>
          <br/>
        </p>

<p>La Comisión Europea ha creado una plataforma de Internet para la resolución en línea de litigios (plataforma ODR) entre comerciantes y consumidores. La plataforma ODR está disponible en <a href="https://ec.europa.eu/consumers/odr/" target="_blank" rel="noopener">https://ec.europa.eu/consumers/odr/</a></p>

<p>No estamos dispuestos ni obligados a participar en un procedimiento de resolución de litigios ante una junta arbitral de consumo.</p>

<p>Encontrará nuestra dirección de correo electrónico en el pie de imprenta.</p>

<p>según § 5 TMG Persona responsable y de contacto Abogado Hermann Kaufmann Heilbronnstrasse 228832 Achim Tel: 04202 / 6 38 37-0FAX: 04202 / 6 38 37-18 Correo electrónico: info@rechtsanwaltkaufmann.deWeb: www.rechtsanwaltkaufmann.de CIF: DE254081578 El Sr. Kaufmann es miembro del Colegio de Abogados de Celle(www.rakcelle.de). También es la autoridad de control competente. Su título profesional le fue [&hellip;]</p>
